 -41*p + 144440 = 66*p - 1544876. Calculate the remainder when p is divided by 336.
332
Let q = 17 + 6. Calculate the remainder when q is divided by (7 + 115/(-30))*6*1.
4
Calculate the remainder when ((-7)/14)/(83430/20860 - 4) is divided by 8.
3
Suppose -3*t = -t - 44. Let a(k) = 12*k**2 - 196*k + 527. Calculate the remainder when a(14) is divided by t.
3
Let q = 4 - -32. Suppose r + r = q. Calculate the remainder when (-90)/(-144) - ((-5424)/128 - 5) is divided by r.
12
Let m(k) = 298*k + 1740. Calculate the remainder when m(53) is divided by 105.
104
Let q = 8678 + -8632. What is the remainder when 3677 is divided by q?
43
Let u = -1712 + 3695. What is the remainder when u is divided by 490?
23
Suppose 113 = a + 2*m, -24 = 4*a - m - 494. What is the remainder when 9474 is divided by a?
114
Let q(v) = -v**2 + 3*v - 2. Let t be q(5). Let y = -7 - t. Suppose 0 = -3*l - y*c + 47, -5*l + c = -0*c - 69. What is the remainder when 139 is divided by l?
13
Let m(j) = 4*j**2 - 3*j - 3. Let h be ((-44)/(-10) - -4)/((-2)/10). What is the remainder when (2 - 2280/h) + (-4)/14 is divided by m(-2)?
18
Suppose 5*p - 4*d = 616, 5*d - 9*d = 5*p - 584. Calculate the remainder when 159 is divided by (-474)/(-9) - (-32)/p*5.
51
Let g = 8895 + -8487. Calculate the remainder when g is divided by 320.
88
Suppose -38*z = -40*z - 142. Let w = z - 8. Let d = -51 - w. Calculate the remainder when 222 is divided by d.
26
Let a(z) = z**3 - 8*z**2 + 9*z - 11. Let p be a(7). Suppose -p*o + 33*o - 3810 = 0. Calculate the remainder when o is divided by 41.
4
Suppose -80*b - 100 - 146 = -2086. What is the remainder when 566 is divided by b?
14
Suppose 4*i + i - 90 = 0. Calculate the remainder when ((-1)/(-3))/(90/9180) is divided by (6/i)/(1/18).
4
Suppose 6*h - 162 = 450. Let r = 411 - 358. What is the remainder when h is divided by r?
49
Suppose -455 = -y + w, 4*y - w = 873 + 950. What is the remainder when y is divided by 77?
71
Let p(v) = -419*v - 278. What is the remainder when p(-1) is divided by (-66)/3*(-6)/6?
9
Suppose 7027 = 108*b - 9821. What is the remainder when 478 is divided by b?
10
Let t(r) = -5*r**2 + 8*r - 13. Let i be t(5). Let b = i - -163. What is the remainder when 129 is divided by b?
64
Let w(a) = -a**2 - 54*a + 23. Calculate the remainder when 856 is divided by w(-23).
120
Suppose 5*u - 3*s = 55, -5*u - 2*s + 442 = 412. Suppose -5*x = -3496 + 431. Calculate the remainder when x is divided by u.
5
Let f be -2*44*(-33)/(-24). Let p = f - -193. Calculate the remainder when 141 is divided by p.
69
Suppose 116 + 154 = -30*a. What is the remainder when (6 - 392/24)*a is divided by 16?
13
Let j = 123 + -336. Let z = j + 218. What is the remainder when 15 is divided by z?
0
Let s = -263 + 381. Suppose -7*z + 120 + s = 0. Suppose -44*b + 26*b + 216 = 0. What is the remainder when z is divided by b?
10
Let x = 430 - 383. Suppose 0 = -2*w - 3*w + 20. Suppose -w*k = -3*k - 16. What is the remainder when x is divided by k?
15
Let s(v) = -v**3 + 106*v**2 - 106*v + 113. Let g = 69 - 39. Calculate the remainder when g is divided by s(105).
6
Let z(w) = 2*w**2 + w + 50. Let s be z(17). Suppose 5*n = -10*n + s. Calculate the remainder when 341 is divided by n.
40
Suppose -5*m + 43 = -f, 44*m - 43*m - 5*f + 1 = 0. What is the remainder when 772 is divided by m?
7
Let w(u) = 3*u + 54. Let m be w(15). Suppose 0 = -m*l + 100*l - 6. Suppose -l*f = 60 - 588. What is the remainder when f is divided by 15?
13
Suppose 15 = b + 6*z - 26, -5*b = 3*z - 151. Let g = -427 + 704. Calculate the remainder when g is divided by b.
16
Let t(j) = 13*j**2 - 226*j + 4. Let f be -2 + (-102)/(-2 + -1). Suppose w - f - 10 = -2*q, -w + 36 = -q. What is the remainder when t(18) is divided by w?
34
Suppose -3*d - 3*c = 486, -4*d + 7*c - 644 = 9*c. Let v = -127 - d. Calculate the remainder when v is divided by 17.
16
Suppose 2*i + 2436 = 5*n, 5*i - 1443 = -2*n - n. Calculate the remainder when n is divided by 48.
6
Let u be (-2)/(-3) + 168/18. Let n = u - 3. Calculate the remainder when (-10)/(-8) + (-1045)/(-44) is divided by n.
4
Suppose -6*v + 9933 = 27*v. What is the remainder when v is divided by 90?
31
Let q(j) = -7*j + 6. What is the remainder when q(-9) is divided by (-4)/(-44)*6149/43?
4
Suppose -10*o = o - 1892. Let g = o - 169. What is the remainder when g is divided by 2?
1
Suppose 5*d + 5 = 5*h, -12*d + 8*d + 2 = 2*h. What is the remainder when 49 is divided by 6 + h + 7 + 1?
4
Let f(s) = -17*s - 686. Let h(t) = t**2 - 7*t - 9. Let k(w) = -w**2 + 7*w + 8. Let b(i) = 3*h(i) + 2*k(i). What is the remainder when f(-41) is divided by b(9)?
4
Suppose -n - p - 5 = -180, 0 = 4*p - 24. Suppose -4 = -4*c, 4*d = 4*c - 0*c + 168. Calculate the remainder when n is divided by d.
40
Let l = -89 + 11. Let n = -59 - l. Calculate the remainder when 34 is divided by n.
15
Let o(m) = -m**3 + m**2 + 5*m + 6. Suppose 0 = 4*c + 7 + 5. Calculate the remainder when (53 + -1)*(-45)/(-30) + 0 is divided by o(c).
24
Suppose 184650 = -119*n + 434907. Calculate the remainder when n is divided by 117.
114
Let r(q) = q**2 - 47*q - 842. What is the remainder when r(-18) is divided by 55?
53
Let r = -118 - -209. Suppose -r = -4*c - 7. What is the remainder when c is divided by 12*5/15 - (0 - 2)?
3
Let k be -35 + (-2)/6*(-15)/5. Let t = k + 26. Calculate the remainder when ((-58)/t)/(((-5)/20)/(-1)) is divided by 13.
3
Suppose 0 = 4*y + 16, 4*d - 228 = -5*y + 1320. Suppose -3*v - 3*r + 187 = -d, 2*v + 4*r - 382 = 0. Calculate the remainder when v is divided by 50.
45
Let f be (-6)/4*(-16)/6. Suppose 0 = f*z + 43 + 185. Let b = -46 - z. Calculate the remainder when 31 is divided by b.
9
Suppose 15*o - 84 = 516. What is the remainder when 515 is divided by o?
35
Suppose -5*v - 3*t = -6, 2*v - 6 = -2*v - 2*t. Suppose q + 22 = -z - 3*z, v*q = -5*z - 38. What is the remainder when 605/7 - q/(-14) is divided by 22?
20
Calculate the remainder when 752 is divided by (-4312)/(-88) + 48/3.
37
Let w = -3811 + 3875. What is the remainder when 173 is divided by w?
45
Let q(p) = -149*p + 334. What is the remainder when 413 is divided by q(2)?
17
Let s(q) = 8*q**2 + 279*q + 1630. Calculate the remainder when s(-6) is divided by 40.
4
Let j = -26 + -7. Let x = 45 + j. Suppose 2*y - y - 4*s - 12 = 0, 0 = y - 2*s - x. What is the remainder when y is divided by 5?
2
Suppose -8426 + 5544 = -22*v. Calculate the remainder when 12835 is divided by v.
128
Let i = 18 - 11. Let v(d) = -d**3 - 60*d**2 + 541*d - 158. Calculate the remainder when v(-68) is divided by i.
4
Let x(p) = p**3 - 10*p**2 + 28*p + 4. Let o be x(8). Suppose -4 = 6*k - o. Calculate the remainder when 191 is divided by k.
15
Suppose 0 = 3*q - 5*q + 120. Let y be 4/8*-4 - 946*-4. What is the remainder when q is divided by y/(-305)*10/(-4)?
29
Suppose 8*b - 9*b - 708 = 0. Suppose -9*o = -3*o - 180. What is the remainder when (b/(-10))/(6/15) is divided by o?
27
Let j = 16664 - 15418. What is the remainder when j is divided by 8?
6
Let l = 354 - 166. Suppose -182*q + l*q - 204 = 0. Calculate the remainder when 131 is divided by q.
29
Suppose -60 - 18 = 39*n. Suppose 0 = 2*c, -4*c = -z - 5 + 23. Calculate the remainder when 15 is divided by n/(-6) + 84/z.
0
Suppose 30 = -313*k + 314*k. Let g = 45 + -29. Suppose 0 = -n + k - g. What is the remainder when 38 is divided by n?
10
Let i(k) = k**2 + 32*k - 202. Let l be i(21). Let o = -838 + l. Suppose -5*h + 172 = -13. What is the remainder when o is divided by h?
36
Calculate the remainder when 403 is divided by (0 + -1 + -1)/((-46)/2323).
100
Suppose 33*k + 11011 = 11308. Suppose 3*u + 216 = 1293. Calculate the remainder when u is divided by k.
8
Let c be 1/6*-3 - (-1066)/4. Let z = 284 - c. Calculate the remainder when 94 is divided by z.
4
Let n = 10551 + -8150. Calculate the remainder when n is divided by 43.
36
Calculate the remainder when 1326 is divided by 62780/(-2190)*(-2)/((-2)/(-3)).
36
Let m(a) = 2*a**2 - 33*a - 12. Let r = 524 - 508. What is the remainder when r is divided by m(17)?
1
Suppose -4*z - 64 = -2*t, 2*z + 36 = 3*t + 6*z. What is the remainder when 462 is divided by t?
2
Suppose 2*i + 2*m = -1412, 3531 = -5*i + 12*m - 16*m. Let t = -115 - i. Calculate the remainder when t is divided by 99.
97
Let f be 